)?
4
Suppose 0 = 6*y - 2*y - 4, 6 = 5*w - 4*y. Let o(h) = -3*h - 62*h**3 - 6*h**2 + 6*h**2 - h**2 - w. What is the tens digit of o(-1)?
6
Let t(w) = 5*w - 6. Suppose 6*m - m = 25. Suppose 23 = m*y + k, 3 = -y + 3*k - 2. What is the tens digit of t(y)?
1
Let z(g) = 2*g**2 - 11*g + 9. Let k be z(8). Let i = k - 14. What is the tens digit of i?
3
Let s = -28 + 31. What is the tens digit of -1 - (-1)/(s/393)?
3
Suppose 2161 = 2*h + 611. What is the units digit of h?
5
Let x be -24 - ((-4)/(-2) + 1). What is the units digit of (4 - x/(-6))*-66?
3
Suppose 4*o + 33 = r, 6*o - o - r = -42. What is the tens digit of ((-52)/(-6))/(6/o)*-1?
1
Suppose 7*f - 377 = 1212. Let m = 437 - f. What is the tens digit of m?
1
Let g(c) = 128*c - 4. Suppose h - 1 = -3*t, -8*t + 5*h + 14 = -4*t. What is the hundreds digit of g(t)?
1
Suppose -q = 59 + 49. Let h be q/9 + -1*3. Let b = 23 + h. What is the units digit of b?
8
Suppose -2*d = -4*u + 2*u - 8, 4*u = 2*d. Suppose -d*h + 3*h = -525. What is the units digit of h?
5
Let d(t) = t**3 - 5*t**2 - 2*t + 15. Let n be d(5). Suppose -n*s = -4*s - 17. What is the units digit of s?
7
Suppose 0 = -2*a + 2*n + 8 + 2, 0 = 2*a - 3*n - 13. Suppose -a*t + 3 = -p, -t - 3*t + 11 = 3*p. What is the units digit of 4 + 20 + 2 - t?
4
Let q be 41 + (-3 + 6)*-1. Let j be 4/(-12) - q/(-6). Let s = j + 14. What is the tens digit of s?
2
Suppose 3*u - u - d - 14 = 0, 2*u - 34 = -4*d. Suppose -5*v + u = -2*v. Suppose 5*o - 5*i - 295 = 0, 0 = -0*o - v*o + 5*i + 185. What is the tens digit of o?
5
Suppose 0 = 2*g + 2*b - 1934, 7*b + 4865 = 5*g + 2*b. What is the units digit of g?
0
Let b(q) = 26*q**3 + 11*q**2 - q - 3. What is the tens digit of b(3)?
9
Let g = -240 + 336. Suppose 9*c = 4*c + r + g, -c = 5*r - 14. What is the units digit of c?
9
Let m(q) = -q**3 + 41*q**2 - 90*q - 92. What is the hundreds digit of m(38)?
8
Suppose 22 = 2*k - 0*k + i, 3*i + 33 = 3*k. Let d = k + -7. Suppose -w = -2*n - 14, w + 140 = 6*w + d*n. What is the tens digit of w?
2
Suppose 6 = 3*m + 42. Let a be (2/4)/(m/(-3768)). Suppose a = 3*k + 40. What is the tens digit of k?
3
Suppose 4253 + 1619 = 8*h. What is the hundreds digit of h?
7
Let u = -3 + 4. What is the hundreds digit of 196 + u + 45/15?
2
Let a = 76 - 70. What is the hundreds digit of (-1324)/(-8) - (2 - 3/a)?
1
Suppose -19*m + 16*m + h = -262, 254 = 3*m - 5*h. What is the units digit of m?
8
Let p = 2610 - 762. Let u be p/(-36)*(-6)/4. Let c = u - 34. What is the tens digit of c?
4
Suppose 0 = 3*v - 3*c - 99, -3*c - 12 = -3. Suppose -o = 2*j - v, -4*j = 2*o - 7*o + 164. What is the units digit of o?
2
Let o(j) be the first derivative of -5*j**2 - 1/3*j**3 + 11*j + 4. What is the units digit of o(-8)?
7
Suppose -9 = 3*u, -4*g - 5*u + 37 = -4*u. Let p be (-18)/(-4) - 1/2. What is the units digit of ((-12)/(-5))/(p/g)?
6
Let u = 54 - 48. Suppose u*a = 5*a + 112. What is the units digit of a?
2
Suppose -2*j - 2*o = -8596, -6*o = 4*j - 11*o - 17219. What is the tens digit of j?
0
Let m = -44 - -49. Suppose -36 = -2*j - 4*x, 2*j - 74 + 11 = m*x. What is the tens digit of j?
2
What is the tens digit of (398722/327)/(4/6)?
2
Suppose -6009 - 23451 = -10*w. What is the thousands digit of w?
2
Let t(u) = 3*u**2 - 2*u - 15. What is the units digit of t(-8)?
3
Suppose 4*v = -3*h + 225 + 658, -3*h + 3*v = -918. What is the units digit of h?
1
Let m = 12 - 5. Let s(p) = -2*p + 13. Let n be s(m). Let f(h) = 4*h**2 + h. What is the units digit of f(n)?
3
What is the thousands digit of 96/(-128)*1930/(-1)*2?
2
Suppose 13*l + 1390 + 2380 = 0. Let g = -91 - l. What is the hundreds digit of g?
1
Suppose 0 = -6*h + 13*h - 56. Suppose -t + 10 = -h. What is the units digit of t?
8
Let f(a) = 12*a**2 - 7*a + 10. Let x be f(5). What is the units digit of x/(-11)*(-8)/10?
0
Let p(k) = -12*k**3 - 6*k**2 - 13*k - 3. What is the tens digit of p(-4)?
2
Let t(i) = i**2 + 2*i + 2. Let r be t(-2). Suppose -6 + 2 = -r*a. What is the units digit of a*(1 + -2)*-2?
4
Suppose 8 = -7*n + 43. Suppose -z + 2 = 0, n*b - 31 = 4*b - z. What is the units digit of b?
9
Let x(i) = 5*i - 4*i + 5 - 3 - 2*i. What is the units digit of x(-8)?
0
Let g(v) = -7 - 3 + 2*v - v + 2. Let u be g(10). What is the tens digit of (88/2)/u - -1?
2
What is the hundreds digit of 3 + (-1135)/(-2) + (-27)/(-54)?
5
Suppose 9063 = -144*h + 153*h. What is the units digit of h?
7
Let k = 1 - -11. Suppose -2*b + 9 = w, 2*w + b = -0*w + k. Suppose -164 = -w*u + 86. What is the tens digit of u?
5
Let y(n) = -14*n - 7 - 2 + 30*n - n**2. Let l be y(7). Suppose 4*u = u + l. What is the tens digit of u?
1
Let k(w) be the first derivative of w**4/4 + w**2 + 9*w - 6. What is the tens digit of k(4)?
8
Let a be 26/(-12) + 1/6. Let u be -17*a/4*2. Let i = u + -13. What is the units digit of i?
4
Suppose 16*n = -21*n + 66970. What is the tens digit of n?
1
Let x(v) = -14*v + 10. Let y be (-2)/7 - -44*(-15)/140. What is the units digit of x(y)?
0
Let a(g) = 12*g + 4. Let o be a(5). Suppose -3*i + 5*j + o = 0, 0*j + 8 = i - 5*j. What is the tens digit of i?
2
Suppose -3*c = -3*z + 27, 2*c - z + 29 = -3*c. Let m(r) = 2*r**2 + r - 3. Let n be m(c). Suppose 0 = 3*x - 2*x - n. What is the tens digit of x?
4
Let t be (0 - 1) + (-3)/(-1). Suppose -t*n + 168 = 2*n. What is the tens digit of n?
4
Suppose 0 = 4*p + r - 2804, -4*p + 2585 = -r - 219. What is the hundreds digit of p?
7
Suppose 2*b + 12 = -2*b. Let c be (b/2)/((-12)/1376). Suppose -4*t + 2*t = -2*l + 70, -c = -5*l + 4*t. What is the units digit of l?
2
Let o = -2971 - -5404. What is the thousands digit of o?
2
Let p be (-6 + -56)/(-3 - -2). Suppose -5*t = -4*k + p, -k = -0*t - t - 15. What is the units digit of k?
3
Let s(n) = n**2 - 17*n + 39. Let m be s(20). Let w = m - -137. What is the hundreds digit of w?
2
Let n(v) = 22*v**3 - 2*v**2 + v. Let l be n(1). Let o = l - -39. What is the units digit of o?
0
Let l(o) = 25*o + 6. Let h be l(-2). Let x = h + 95. What is the tens digit of x?
5
Let r = -242 - -115. Let x = r - -205. What is the tens digit of x?
7
Let z = -13 - -15. Let y(q) = 5*q**2 + 2*q + 1. Let v be y(z). Let r = v - 6. What is the units digit of r?
9
Suppose -4 = w + 3*a + 2, 4*w = 3*a + 6. Suppose 3*g = d + 66, w = 5*g - 5*d - 123 + 23. Suppose 5 = 4*u - g. What is the units digit of u?
7
What is the units digit of 5/(35/(-63)) - -1168?
9
Suppose -n + i = -2309, 4*n + 4*i - 9268 = -0*i. What is the hundreds digit of n?
3
Suppose -3*q + 2*g - g = -993, -5*q + 3*g + 1651 = 0. What is the tens digit of q?
3
Let i = 3763 + -1725. What is the thousands digit of i?
2
Suppose 0 = 9*h - 5*h - 6172. What is the hundreds digit of h?
5
Let v(n) be the second derivative of -n**5/20 - 7*n**4/12 + 5*n**3/6 - 2*n**2 - 2*n + 19. Let z be (-2)/7 + 54/(-7). What is the units digit of v(z)?
0
Let t be 2/(-4 + 810/202). Suppose 5*m - 141 = 2*m + 5*k, 4*m - 2*k = t. What is the units digit of m?
2
Let v be 145/(-25) - (-2)/(-10). Let q be (-3262)/(-21) + 2/v. Suppose 2*b - q = -39. What is the units digit of b?
8
Let d(b) = 2*b**3 - 2*b**2 + 2*b + 16. What is the tens digit of d(4)?
2
Suppose -13266 = -3*s - 3*n, -s - 3*n + 4422 = -7*n. What is the thousands digit of s?
4
Let z = -15 + 12. Let b = z + -4. Let g(j) = -2*j + 3. What is the units digit of g(b)?
7
Let i be ((-12)/(-4))/3 + -985. Let q be -6*(0 + i/9). What is the tens digit of ((-1)/2)/((-8)/q)?
4
Suppose -u + 5207 = 2*k, k - 4*u + u = 2607. What is the tens digit of k?
0
Let u(c) = c**3 - 9*c**2 + 7*c - 9. Let f = -16 - -25. Let b be u(f). Let j = b - 16. What is the units digit of j?
8
Let j = -18 + 11. Let n(z) = 14*z + 2. Let f(c) = 29*c + 5. Let t(y) = j*n(y) + 3*f(y). What is the tens digit of t(-3)?
3
Let c = 1013 + -407. What is the hundreds digit of c?
6
Let j be 4/((-48)/9)*(-12 - 4). Let c(g) be the third derivative of g**6/120 - g**5/5 + g**4/12 - 13*g**3/6 + g**2. What is the units digit of c(j)?
1
Suppose 0 = -78*o + 58*o + 15740. What is the tens digit of o?
8
Let y be (50/8)/((-4)/(-64)). Suppose -4*f + 9*f - y = 0. Suppose 12 + f = r + 5*t, 0 = 3*r - t - 16. What is the units digit of r?
7
Let q(s) = 52*s - 147. What is the units digit of q(15)?
3
Let n(l) = -1. Let m(x) = -x**2 + 11*x + 6. Let h(v) = m(v) - 4*n(v). What is the tens digit of h(10)?
2
